6 a factor of 192?
True
Does 7 divide 7811?
False
Is 280 a multiple of 28?
True
Does 17 divide 572?
False
Is 100 a multiple of 32?
False
Does 32 divide 2707?
False
Is 2632 a multiple of 2?
True
Is 21 a factor of 2100?
True
Is 1216 a multiple of 8?
True
Is 5 a factor of 30?
True
Is 204 a multiple of 17?
True
Is 1788 a multiple of 3?
True
Is 43008 a multiple of 8?
True
Does 22 divide 3102?
True
Does 56 divide 5044?
False
Is 3 a factor of 399?
True
Is 4 a factor of 1652?
True
Is 11 a factor of 3938?
True
Is 12825 a multiple of 11?
False
Is 56 a multiple of 4?
True
Does 12 divide 5418?
False
Does 12 divide 1032?
True
Is 5805 a multiple of 43?
True
Is 177 a factor of 60711?
True
Is 16489 a multiple of 28?
False
Does 12 divide 38304?
True
Does 42 divide 659?
False
Is 22 a factor of 1925?
False
Is 3 a factor of 1129?
False
Is 16 a factor of 382?
False
Does 24 divide 24?
True
Is 95 a factor of 4710?
False
Does 57 divide 614?
False
Is 919 a multiple of 74?
False
Is 7 a factor of 785?
False
Is 9 a factor of 364?
False
Does 12 divide 619?
False
Is 305 a multiple of 24?
False
Is 23 a factor of 345?
True
Does 269 divide 72632?
False
Does 62 divide 6696?
True
Does 100 divide 7917?
False
Is 3 a factor of 2081?
False
Does 143 divide 74747?
False
Is 8 a factor of 624?
True
Does 34 divide 18326?
True
Is 9063 a multiple of 19?
True
Is 3 a factor of 633?
True
Is 583 a multiple of 10?
False
Does 3 divide 971?
False
Is 43 a factor of 688?
True
Is 31364 a multiple of 26?
False
Is 23178 a multiple of 14?
False
Is 127 a factor of 44069?
True
Is 25728 a multiple of 201?
True
Is 72 a factor of 3871?
False
Does 16 divide 1695?
False
Does 5 divide 6520?
True
Does 2 divide 2667?
False
Is 860 a multiple of 43?
True
Is 36112 a multiple of 74?
True
Is 10 a factor of 330?
True
Does 81 divide 8910?
True
Is 20 a factor of 120?
True
Is 23 a factor of 299?
True
Is 123 a multiple of 38?
False
Is 35 a factor of 5950?
True
Is 28 a factor of 784?
True
Is 97 a factor of 6499?
True
Does 19 divide 1159?
True
Does 27 divide 2808?
True
Is 139 a multiple of 2?
False
Is 11322 a multiple of 18?
True
Is 12 a factor of 1740?
True
Does 12 divide 2592?
True
Is 6 a factor of 2316?
True
Is 40089 a multiple of 23?
True
Is 142 a factor of 21868?
True
Is 8 a factor of 383?
False
Does 20 divide 23460?
True
Is 17 a factor of 1546?
False
Is 67 a factor of 49044?
True
Does 56 divide 58744?
True
Is 6646 a multiple of 5?
False
Is 4133 a multiple of 4?
False
Is 42432 a multiple of 208?
True
Is 2240 a multiple of 56?
True
Does 44 divide 6000?
False
Does 7 divide 3969?
True
Does 17 divide 20111?
True
Does 20 divide 1073?
False
Is 10 a factor of 91?
False
Is 10 a factor of 42514?
False
Does 3 divide 9243?
True
Is 105 a multiple of 21?
True
Does 34 divide 306?
True
Is 8810 a multiple of 43?
False
Does 13 divide 994?
False
Does 156 divide 49608?
True
Is 70 a factor of 68950?
True
Is 32 a factor of 1372?
False
Is 42 a factor of 2646?
True
Is 3 a factor of 15460?
False
Is 909 a multiple of 10?
False
Is 37 a factor of 185?
True
Does 28 divide 7643?
False
Is 55 a multiple of 55?
True
Is 25 a factor of 100?
True
Does 13 divide 23657?
False
Is 50 a factor of 31100?
True
Is 49 a factor of 1644?
False
Is 90700 a multiple of 10?
True
Is 128 a factor of 46080?
True
Does 38 divide 7106?
True
Is 228 a multiple of 57?
True
Does 49 divide 490?
True
Is 12 a factor of 648?
True
Is 2022 a multiple of 4?
False
Is 10 a factor of 4030?
True
Is 380 a multiple of 5?
True
Is 1255 a multiple of 5?
True
Is 22 a factor of 74162?
True
Does 19 divide 1999?
False
Does 9 divide 81?
True
Is 4483 a multiple of 5?
False
Is 291 a factor of 25931?
False
Is 3360 a multiple of 40?
True
Is 209 a factor of 12038?
False
Does 10 divide 4850?
True
Is 35665 a multiple of 50?
False
Is 1321 a multiple of 90?
False
Is 2 a factor of 29?
False
Does 17 divide 3196?
True
Is 7100 a multiple of 8?
False
Is 18 a factor of 10763?
False
Is 22750 a multiple of 7?
True
Is 59 a factor of 7638?
False
Is 32804 a multiple of 278?
True
Is 20 a factor of 4498?
False
Is 16 a factor of 1312?
True
Is 589 a multiple of 115?
False
Does 8 divide 4713?
False
Is 1314 a multiple of 16?
False
Is 32 a factor of 3720?
False
Does 73 divide 6207?
False
Is 2376 a multiple of 33?
True
Is 47 a factor of 6317?
False
Is 288 a multiple of 6?
True
Is 7266 a multiple of 42?
True
Is 18 a factor of 3762?
True
Does 13 divide 10491?
True
Is 33 a factor of 66?
True
Does 5 divide 164?
False
Is 29 a factor of 542?
False
Is 7 a factor of 12166?
True
Is 10 a factor of 1582?
False
Is 4 a factor of 1164?
True
Is 49569 a multiple of 146?
False
Is 27933 a multiple of 42?
False
Is 338 a multiple of 15?
False
Does 139 divide 834?
True
Is 6 a factor of 4925?
False
Does 7 divide 148?
False
Does 290 divide 7540?
True
Is 9 a factor of 180?
True
Is 15 a factor of 2108?
False
Is 21 a factor of 62746?
False
Is 2 a factor of 26?
True
Does 13 divide 2795?
True
Is 3447 a multiple of 178?
False
Does 88 divide 61952?
True
Does 21 divide 5250?
True
Is 11 a factor of 1332?
False
Is 17248 a multiple of 44?
True
Is 291 a factor of 22407?
True
Does 23 divide 18216?
True
Does 12 divide 324?
True
Is 24 a factor of 169?
False
Is 44 a factor of 9509?
False
Does 123 divide 7196?
False
Is 42904 a multiple of 11?
False
Does 12 divide 869?
False
Is 15156 a multiple of 9?
True
Does 107 divide 103897?
True
Does 13 divide 1573?
True
Does 3 divide 7296?
True
Is 5251 a multiple of 38?
False
Is 72 a factor of 3096?
True
Does 2 divide 2623?
False
Is 27 a factor of 783?
True
Is 382 a multiple of 8?
False
Is 15 a factor of 143?
False
Is 96 a multiple of 4?
True
Is 1029 a multiple of 19?
False
Is 57 a factor of 570?
True
Is 6 a factor of 65?
False
Is 7 a factor of 9002?
True
Is 18 a factor of 467?
False
Is 893 a multiple of 47?
True
Is 24804 a multiple of 52?
True
Is 3567 a multiple of 17?
False
Is 1469 a multiple of 80?
False
Is 8829 a multiple of 11?
False
Does 60 divide 2822?
False
Does 50 divide 800?
True
Does 40 divide 14756?
False
Is 8335 a multiple of 274?
False
Is 48 a factor of 182?
False
Does 26 divide 5336?
False
Is 8 a factor of 152?
True
Is 18 a factor of 1961?
False
Is 1179 a multiple of 18?
False
Does 11 divide 1144?
True
Is 15 a factor of 7110?
True
Is 15 a factor of 1360?
False
Is 10 a factor of 47837?
False
Is 14526 a multiple of 3?
True
Does 15 divide 227?
False
Is 20 a factor of 960?
True
Does 24 divide 8076?
False
Is 5 a factor of 895?
True
Is 9 a factor of 24165?
True
Is 770 a multiple of 11?
True
Is 525 a multiple of 8?
False
Is 9420 a multiple of 22?
False
Does 126 divide 6300?
True
Is 56600 a multiple of 200?
True
Is 54 a factor of 23814?
True
Does 34 divide 986?
True
Does 11 divide 5063?
False
Does 10 divide 1996?
False
Is 21 a factor of 178?
False
Does 126 divide 8505?
False
Is 57 a factor of 1539?
True
Is 48 a factor of 34423?
False
Is 7 a factor of 357?
True
Does 3 divide 10976?
False
Is 7683 a multiple of 197?
True
Is 15 a factor of 41595?
True
Is 61 a factor of 1689?
False
Does 25 divide 7225?
True
Does 108 divide 21276?
True
Is 238 a multiple of 22?
False
Is 26 a factor of 51324?
True
Does 35 divide 604?
False
Is 26598 a multiple of 286?
True
Does 204 divide 35088?
True
Is 23 a factor of 706?
False
Is 1339 a multiple of 103?
True
Is 5110 a multiple of 3?
False
Is 20 a factor of 22667?
False
Is 13 a factor of 5863?
True
Does 3 divide 174?
True
Is 33 a factor of 539?
False
Is 3748 a multiple of 2?
True
Is 9 a factor of 205?
False
Does 74 divide 18219?
False
Is 39 a factor of 936?
True
Does 10 divide 14087?
False
Does 13 divide 544?
False
Does 235 divide 8716?
False
Does 78 divide 56457?
False
Is 238 a multiple of 17?
True
Does 39 divide 25857?
True
Is 47585 a multiple of 5?
True
Does 15 divide 12210?
True
Is 12768 a multiple of 19?
True
Is 2886 a multiple of 78?
True
Is 1173 a multiple of 23?
True
Is 28 a factor of 532?
True
Is 10 a factor of 270?
True
Is 952 a multiple of 14?
True
Does 13 divide 871?
True
Is 2000 a multiple of 80?
True
Is 106 a factor of 51726?
False
Is 202 a multiple of 25?
False
Is 5390 a multiple of 13?
False
Does 29 divide 145?
True
Does 131 divide 786?
True
Is 56 even?
True
Is 3181 a multiple of 131?
False
Is 12 a factor of 1968?
True
Is 1700 a multiple of 68?
True
Is 1440 a multiple of 4